 - 4*w - 98 = 0, -2*w - w + 11 = y. Is y prime?
False
Suppose 2*s - 5*g - 74848 = 0, 0 = 5*s - g - 160840 - 26303. Is s a composite number?
True
Let p = -12 - -17. Suppose 0 = -p*c + 5 + 5. Suppose v + c*v = 1059. Is v composite?
False
Let d(y) = 293*y**2 - y - 21. Is d(-5) a composite number?
False
Suppose -l - 291 = -4. Let o be 3/(-5) + (-14808)/120. Let i = o - l. Is i a composite number?
False
Suppose -4*z + 4206 = 2*f - 2*z, 10503 = 5*f - z. Is f a composite number?
True
Let w be (2 + 2/(-1))/1. Suppose w = -s + 291 + 90. Is s composite?
True
Let n be (-4)/(-10) - (-17090)/25. Let x be (3 - (n - 3))/(-2). Suppose 2*f = -3*f + 4*y + 1693, 0 = -f + y + x. Is f prime?
True
Let o(n) = 256*n**2 + 10*n - 11. Is o(3) prime?
False
Let r be (5 - 4)*4402 + 4. Suppose 6*t + r = 22004. Is t composite?
True
Suppose 32*x - 72758 = -19734. Is x prime?
True
Let b = -242 - -407. Let n = 307 - b. Is n a composite number?
True
Let c be 1076/5*(-10)/(-4). Suppose -3694 + c = -6*n. Is n a composite number?
True
Suppose -2*s + s + 6 = r, -2*r + 18 = 3*s. Suppose s*z = -4*z + 770. Is z prime?
False
Is (3 + -2)*-26371*-1 composite?
False
Let k = -94 + 96. Suppose -18302 = -4*d - 5*r, 3*r + 13709 = 3*d - k*r. Is d a prime number?
False
Suppose 4*h + 67 - 11 = 0. Let r be ((-2 - -6)/4)/(-1). Is (-363 - r)*h/28 composite?
False
Suppose 5*d = -o + 77, -2*d - 2*o = d - 49. Is d/(-40) - (-5899)/8 a prime number?
False
Suppose -5*j = -45 - 25. Suppose 3*w - 2*b = b + 27, 0 = 2*w - 4*b - j. Is w composite?
False
Suppose 6090 + 13717 = 29*n. Is n a prime number?
True
Let w = 1706 - -449. Suppose 0 = -4*p - 2*j + 8602, 3*p + 2*j - w = 2*p. Is p composite?
True
Let i = 1291 - 726. Let p = i + -348. Is p a composite number?
True
Let o(y) = 249*y - 23. Let c(r) = -249*r + 23. Let j(f) = -6*c(f) - 5*o(f). Is j(4) prime?
False
Suppose -24*x = -12*x - 372. Is x a prime number?
True
Let m(u) = -u**3 + 5*u**2 - u + 5. Let f be m(5). Let t be 75/(-15) + 1 + -37. Is -2 - t - f/1 composite?
True
Let a = -6 + 8. Suppose 3*f = -a*f + 5, -114 = 5*v + f. Let m = v - -100. Is m a prime number?
False
Is 6*(23944/24 + 2) a prime number?
False
Suppose -p = -9*p + 141176. Is p a prime number?
False
Let q = -3555 + 74174. Is q a prime number?
True
Let y(m) be the third derivative of m**4/24 + m**3/3 + 9*m**2. Let c be y(2). Is c/18 + (-4303)/(-117) composite?
False
Suppose -3*z + 78 + 15 = 0. Suppose -z*o = -32*o + 142. Is o a composite number?
True
Let v = 8 + -251. Let p = v - -584. Is p a composite number?
True
Is 708/(-8)*(-342)/27 prime?
False
Suppose 2*l = -c + 2*c, -2*c = 2*l - 12. Suppose -k = l*k + 591. Let f = k - -276. Is f composite?
False
Suppose -4*n - 3*d = -26, -5*n - 2*d + 45 = 16. Let q be 10*n*(-8)/(-100). Suppose 7*k - 57 = q*k. Is k a prime number?
True
Let c = 1 - -3. Let a be (1 - (-10)/(-6)) + (-238)/(-42). Suppose -r - 2*r = 3*g - 411, 682 = a*r + c*g. Is r a composite number?
True
Let r = 176 + 45. Is r a composite number?
True
Let f be (-5)/(-15) + 181810/6. Suppose 0 = -7*z - 2715 + f. Is z a composite number?
True
Suppose 5*o - 8*o + 6 = 0, -50996 = -2*u + o. Is u a prime number?
False
Let c be (2/(-6))/(11/(-99)). Suppose -o - 101 = -2*g, -c*g + 4*o + 154 = 3*o. Let s = g + 110. Is s composite?
False
Suppose 4599 = -5*f + 16184. Is f prime?
False
Let l = 88226 + -30057. Is l a composite number?
False
Let h = -23669 + 65787. Is h composite?
True
Suppose 3*n - 2*x - 7 + 1 = 0, 0 = 2*x + 6. Let p be (-1)/3 - 7/(-3). Suppose -734 = -n*j - p*j. Is j prime?
True
Suppose -5*q = -2*f + 888, 0*q - 1349 = -3*f - q. Is f a composite number?
False
Suppose 5*s - 112*x + 107*x - 10215 = 0, 2019 = s + 5*x. Is s a prime number?
True
Let n(x) be the second derivative of -x**3/6 + 3*x**2 + 5*x. Let o be n(-4). Suppose -o*f - 95 = -11*f. Is f a prime number?
False
Suppose 2*q - q + 3*x - 5483 = 0, 4 = x. Is q composite?
False
Is 165/385 - 1931592/(-21) a prime number?
False
Suppose -3*l = 3, 5*p = 5*l - 20672 + 1207562. Is p a composite number?
True
Let d = 37 + -13. Suppose 0 = -5*c, 3*l - 9 = -2*c + d. Let n = l - 2. Is n composite?
True
Let x(s) = s**3 + s**2 - s + 3036. Let y be x(0). Suppose 0 = -f - r + 1010, 3*f + 2*r - y = 5*r. Is f prime?
False
Let g(n) = -n**3 - 13*n**2 - 16*n - 11. Let t(v) = 7*v + 2. Let h be 4 - (1 + -2 - -7). Let a be t(h). Is g(a) a composite number?
False
Let k(s) = 2102*s + 40. Let x be k(6). Suppose -131*g + 135*g - x = 0. Is g a prime number?
True
Let n = -5528 - -9165. Is n prime?
True
Suppose -4*q - 3*i + 24443 = -8*i, -30529 = -5*q - 2*i. Is q composite?
True
Let h(s) = -7*s**3 + 39*s**2 - 51*s - 8. Let u(l) = 20*l**3 - 118*l**2 + 154*l + 23. Let g(i) = -17*h(i) - 6*u(i). Is g(33) prime?
False
Let q = 867 + -449. Suppose 0*z - q = -2*z. Is z a composite number?
True
Let l be (-8)/2 + 14 + -12. Let z(p) = -103*p. Is z(l) composite?
True
Let a = 1396 - -841. Suppose 5*r + 3*y = 7*y + a, -3*r - 2*y + 1329 = 0. Is r composite?
True
Let d = 5 + -5. Suppose d = 2*i + i. Suppose -k + 1658 = r + 4*r, i = 4*r + 4*k - 1336. Is r a composite number?
False
Suppose -2799 + 684 = -9*t. Is t a prime number?
False
Let k = 7046 + -3444. Is k a composite number?
True
Let b = -12 - -18. Suppose -4 = v - b. Suppose v*k - k = 1, 5*k - 82 = -j. Is j a prime number?
False
Let v(o) be the third derivative of -1/6*o**3 - 6*o**2 + 0 + 25/12*o**4 + 0*o. Is v(3) prime?
True
Let x(d) = d**2 - 4. Let b be x(-3). Suppose 16 + 9 = b*w. Suppose -1257 = -w*t + 2*t. Is t a composite number?
False
Is ((-6)/3)/((-20)/9442)*5 composite?
False
Let i be -3*1 + (-32)/(-4). Suppose i = -f, 2*f + 15 = 2*x - x. Suppose -5*l + 770 = -x*o, -497 = -3*l - 6*o + 2*o. Is l prime?
False
Is 6/(-15) + (-115902)/(-30) composite?
False
Suppose 4*y = 4*v - 52, 2*v - 5*v = 2*y - 54. Let k(p) = p**2 + 15. Is k(v) prime?
True
Let w = -19 - -17. Let l(i) = -40*i - 3. Let u be l(w). Let a = 190 - u. Is a composite?
False
Let h(s) = s + 10. Let u be h(-10). Suppose 906 = -u*i + 3*i. Suppose -x + 308 = 2*c - c, x = c - i. Is c prime?
False
Suppose 2*p = 2, 4*p = m + 1 + 1. Suppose -14 = -m*h - 0*h. Suppose -4*x - 3*n + 338 = 0, 0 = 5*x + 4*n - h*n - 409. Is x prime?
True
Let o(i) = 1 - 21*i + 21 - 2 + 15 + i**2. Is o(20) a prime number?
False
Suppose 0 = -s + b + 12705, 5*b = -3*s + 33075 + 5072. Is s a composite number?
True
Suppose 11 = 4*m + 2*u - 361, 470 = 5*m + 5*u. Let s be (m/(-6))/((-10)/(-15)). Let g = 38 + s. Is g a composite number?
True
Suppose -8*a + 383218 = 109754. Is a a composite number?
False
Let o(u) be the first derivative of 13*u**4/6 + 7*u**3/6 + 3*u**2 + 8. Let n(h) be the second derivative of o(h). Is n(3) a prime number?
True
Let n be (-2)/4*2*-3. Is (-9676)/(-10) - n/5 a composite number?
False
Let h be (17 + 4)/((-12)/(-968)). Suppose -5*t - 4062 = 893. Let q = h + t. Is q prime?
False
Let q = -3869 - -6460. Is q prime?
True
Suppose -22 = -5*i - 3*y, 2*i - 4*y - 29 = -3*i. Suppose 4*w - w + 4880 = 5*l, -4850 = -i*l - 3*w. Is l prime?
False
Is (-10)/5 + 119*29 a composite number?
False
Let a(s) = -s**2 + 6*s + 2. Let o be a(6). Suppose -o*c + 191 = -c. Is c a composite number?
False
Suppose -12*r + 3*r = -27. Is (-2)/(-4)*(-2 - (r - 1819)) a prime number?
True
Let i(x) = 5*x**3 - 11*x**2 + 1. Let y(z) = -25*z**3 + 56*z**2 - 5. Let u(b) = -11*i(b) - 2*y(b). Is u(-6) composite?
True
Suppose 0 = -h - 5*o - 15, 2*o - 20 = -3*h - 0*o. Let r be -3*-3*h/(-18). Is (-50)/r*94/4 prime?
False
Suppose 0 = 20*v - 19*v - 10. Suppose v*m = 13*m - 3777. Is m prime?
True
Let v(h) = -h**2 - 16*h - 19. Let c be v(-15). Let q be (-1)/c + 7005/60. Suppose 5*f - q = 2*f. Is f a composite number?
True
Let l(w) = 0*w**2 + 0*w**2 + 6*w**2 + 7*w**3 - 11*w - 5 + 6*w. Is l(6) a composite number?
False
Let y(w) = -2*w + 17. Let l be y(7). Suppose 3*i + i - 5*a = 181, 102 = 3*i + l*a. Is i a composite number?
True
Suppose 35*f - 32*f - 15 = 0. Suppose f*y + 904 = 3349. Is y a prime number?
False
Is (2 - 7 - -2)/(93/(-912206)) prime?
False
Let p(k) be the second derivative of -15*k**3/2 + 5*k**2/2 + k. Suppose -5*a - 45 = 5*v, a - 33 = 2*v + 6*a. Is p(v) prime?
False
Let a = -12279 + 18662. Suppose -9*u = -a - 4372. Is u composite?
True
Let g be 10/4 + (-1)/2. Suppose g*m = -6*m + 5368. Is m prime?
Fals